{"id":118,"date":"2022-08-29T06:46:37","date_gmt":"2022-08-29T04:46:37","guid":{"rendered":"http:\/\/hem.jonssonweb.se\/forvaltix_vc\/?page_id=118"},"modified":"2024-11-12T16:11:50","modified_gmt":"2024-11-12T15:11:50","slug":"start-nr-2","status":"publish","type":"page","link":"https:\/\/8ckonsult.se\/","title":{"rendered":"Maria C"},"content":{"rendered":"<div class=\"wpb-content-wrapper\"><p>[vc_section full_width=&#8221;stretch_row&#8221; css=&#8221;.vc_custom_1693808800646{background-image: url(https:\/\/8ckonsult.se\/wp-content\/uploads\/2022\/09\/promo-1.png?id=184) !important;background-position: center !important;background-repeat: no-repeat !important;background-size: cover !important;}&#8221; el_id=&#8221;promo&#8221;][vc_row][vc_column][vc_empty_space height=&#8221;250px&#8221; el_class=&#8221;hidden-phone&#8221;][vc_empty_space height=&#8221;80px&#8221; el_class=&#8221;visible-phone&#8221;][\/vc_column][\/vc_row][vc_row][vc_column width=&#8221;1\/3&#8243;][vc_column_text]<\/p>\n<h2>KONCEPTUTVECKLARE<br \/>\nMARKNADSF\u00d6RARE<br \/>\n<span style=\"color: #3a777a;\">PROJEKTLEDARE<\/span><br \/>\nTEXTKREAT\u00d6R<\/h2>\n<p>[\/vc_column_text][\/vc_column][vc_column width=&#8221;1\/3&#8243;][\/vc_column][vc_column width=&#8221;1\/3&#8243;][\/vc_column][\/vc_row][vc_row][vc_column][vc_empty_space height=&#8221;150px&#8221;][vc_empty_space height=&#8221;150px&#8221; el_class=&#8221;visible-phone&#8221;][\/vc_column][\/vc_row][\/vc_section][vc_section][vc_row][vc_column][vc_empty_space height=&#8221;60px&#8221;][\/vc_column][\/vc_row][vc_row][vc_column width=&#8221;1\/6&#8243;][vc_empty_space height=&#8221;1px&#8221;][\/vc_column][vc_column width=&#8221;2\/3&#8243;][vc_column_text]<\/p>\n<h6 style=\"text-align: center;\">T\u00c4NK OM DU KUNDE F\u00c5 ALLT I ETT<\/h6>\n<h2 class=\"title\" style=\"text-align: center;\">EN MINIBYR\u00c5 MED M\u00c5NGA KOMPETENSER<\/h2>\n<p>[\/vc_column_text][vc_column_text css=&#8221;.vc_custom_1675954473096{margin-top: -20px !important;padding-top: 0px !important;}&#8221; el_class=&#8221;description&#8221;]<\/p>\n<p style=\"text-align: center;\">Kan jag f\u00e5 en projektledare, copywriter, konceptutvecklare och marknadsf\u00f6rare i ett? Ja, det kan du. En som jobbar b\u00e5de strategiskt och operativt? Absolut. N\u00e4r vi samarbetar f\u00e5r du m\u00e5nga kompetenser i en vilket b\u00e5de \u00e4r leveranss\u00e4kert och kostnadseffektivt. Hurra!<\/p>\n<p>[\/vc_column_text][\/vc_column][vc_column width=&#8221;1\/6&#8243;][vc_empty_space height=&#8221;1px&#8221;][\/vc_column][\/vc_row][vc_row][vc_column][vc_empty_space height=&#8221;60px&#8221;][\/vc_column][\/vc_row][\/vc_section][vc_section full_width=&#8221;stretch_row&#8221; css=&#8221;.vc_custom_1663793071976{background-color: #ece5dd !important;}&#8221;][vc_row][vc_column][vc_empty_space height=&#8221;30px&#8221;][\/vc_column][\/vc_row][vc_row][vc_column][vc_column_text]<\/p>\n<h2 class=\"title\" style=\"text-align: center;\">TA DET LUGNT. <span style=\"color: #3a777a;\">VI L\u00d6SER DET.<\/span> TILLSAMMANS.<\/h2>\n<p>[\/vc_column_text][\/vc_column][\/vc_row][vc_row][vc_column][vc_empty_space height=&#8221;30px&#8221;][\/vc_column][\/vc_row][\/vc_section][vc_section el_id=&#8221;LANK1&#8243;][vc_row][vc_column][vc_empty_space height=&#8221;60px&#8221;][\/vc_column][\/vc_row][vc_row][vc_column width=&#8221;1\/6&#8243;][vc_empty_space height=&#8221;1px&#8221;][\/vc_column][vc_column width=&#8221;2\/3&#8243;][vc_column_text]<\/p>\n<h6 style=\"text-align: center;\">EXEMPEL P\u00c5 UPPDRAG<\/h6>\n<h2 class=\"title\" style=\"text-align: center;\">PLATSMARKNADSF\u00d6RING<\/h2>\n<p>[\/vc_column_text][vc_column_text css=&#8221;.vc_custom_1712484824363{margin-top: -20px !important;padding-top: 0px !important;}&#8221; el_class=&#8221;description&#8221;]<\/p>\n<p style=\"text-align: left;\">Ett uppdrag d\u00e4r jag agerat projektledare och konceptutvecklare f\u00f6r framtagandet av en varum\u00e4rkesplattform f\u00f6r ett nytt bostadsomr\u00e5de, Slagsta Strand.<\/p>\n<p>Driver platsmarknadsf\u00f6ring med fokus p\u00e5 digital n\u00e4rvaro f\u00f6r Bro M\u00e4larstad, en helt ny sj\u00f6n\u00e4ra stadsdel i Upplands Bro.[\/vc_column_text][\/vc_column][vc_column width=&#8221;1\/6&#8243;][vc_empty_space height=&#8221;1px&#8221;][\/vc_column][\/vc_row][vc_row][vc_column][vc_empty_space height=&#8221;15px&#8221;][\/vc_column][\/vc_row][vc_row css=&#8221;.vc_custom_1712485682373{background-image: url(https:\/\/8ckonsult.se\/wp-content\/uploads\/2023\/02\/webb.png?id=203) !important;}&#8221;][vc_column width=&#8221;1\/2&#8243; css=&#8221;.vc_custom_1663794286153{background-color: #d7e8e5 !important;}&#8221;][vc_column_text el_class=&#8221;boxpadding&#8221;]<\/p>\n<h6>PROJEKT I FOKUS<\/h6>\n<h3>VARUM\u00c4RKESPLATTFORM<br \/>\nSLAGSTA STRAND<\/h3>\n<p>Uppdraget var att skapa ett \u00f6vergripande koncept, en grafisk identitet och gemensam kommunikation f\u00f6r de tv\u00e5 uppdragsgivarna. Ett roligt uppdrag tillsammans med briljant AD och glimrande copywriter ur mitt n\u00e4tverk.[\/vc_column_text][\/vc_column][vc_column width=&#8221;1\/2&#8243; css=&#8221;.vc_custom_1675955832340{background-image: url(http:\/\/mariac.ficks.se\/wp-content\/uploads\/2023\/01\/Logga-8C-Gron.png?id=199) !important;background-position: center !important;background-repeat: no-repeat !important;background-size: cover !important;}&#8221;][vc_empty_space height=&#8221;315px&#8221;][\/vc_column][\/vc_row][vc_row][vc_column][vc_empty_space height=&#8221;60px&#8221;][\/vc_column][\/vc_row][\/vc_section][vc_section el_id=&#8221;LANK2&#8243;][vc_row][vc_column width=&#8221;1\/6&#8243;][vc_empty_space height=&#8221;1px&#8221;][\/vc_column][vc_column width=&#8221;2\/3&#8243;][vc_column_text]<\/p>\n<h6 style=\"text-align: center;\">ETT KOMPLETT ERBJUDANDE<\/h6>\n<h2 class=\"title\" style=\"text-align: center;\">VAD KAN JAG HJ\u00c4LPA DIG MED?<\/h2>\n<p>[\/vc_column_text][vc_column_text css=&#8221;.vc_custom_1712484921945{margin-top: -20px !important;padding-top: 0px !important;}&#8221; el_class=&#8221;description&#8221;]<\/p>\n<p style=\"text-align: center;\">Jag hj\u00e4lper dig med allt fr\u00e5n projektledning av olika uppdrag som konsult, konceptutveckling, marknadsf\u00f6ring och textkreationer. Exempelvis projektleder jag marknadsf\u00f6ringen f\u00f6r ett flertal bostadsprojekt, platsmarknadsf\u00f6r stadsdelar, hanterar sociala medier, skriver texter och nyhetsbrev. Jag har \u00e4ven projektlett ett flertal webbprojekt och g\u00f6r g\u00e4rna fler.<\/p>\n<p style=\"text-align: center;\">Du kan boka 1 to 1 med mig d\u00e4r vi ser \u00f6ver ditt varum\u00e4rke och hur du kan utveckla det. Vi kan ses digitalt eller ta en kaffe p\u00e5 riktigt och du f\u00e5r med dig id\u00e9er och verktyg.<\/p>\n<p>[\/vc_column_text][\/vc_column][vc_column width=&#8221;1\/6&#8243;][vc_empty_space height=&#8221;1px&#8221;][\/vc_column][\/vc_row][vc_row][vc_column][vc_empty_space height=&#8221;20px&#8221;][\/vc_column][\/vc_row][vc_row equal_height=&#8221;yes&#8221;][vc_column width=&#8221;1\/3&#8243;][vc_single_image image=&#8221;171&#8243; img_size=&#8221;full&#8221; alignment=&#8221;center&#8221; css=&#8221;&#8221;][vc_empty_space height=&#8221;12px&#8221;][vc_column_text]<\/p>\n<h4 style=\"text-align: center;\">KONCEPTUTVECKLING<\/h4>\n<p style=\"text-align: center;\">Jag har jobbat med varum\u00e4rkesbyggande och konceptutveckling i flera \u00e5r. Tillsammans kan vi st\u00e4rka ditt varum\u00e4rke s\u00e5 att du n\u00e5r dina aff\u00e4rsm\u00e5l.<\/p>\n<p>[\/vc_column_text][\/vc_column][vc_column width=&#8221;1\/3&#8243;][vc_single_image image=&#8221;170&#8243; img_size=&#8221;full&#8221; alignment=&#8221;center&#8221;][vc_column_text]<\/p>\n<h4 style=\"text-align: center;\">1 TO 1<\/h4>\n<p style=\"text-align: center;\">Vi g\u00f6r en kartl\u00e4ggning av ditt varum\u00e4rke och utvecklar det tillsammans. Digitalt eller \u00f6ver en kaffe. F\u00f6r dig som vill ha en kreativ och strategisk motor och nya id\u00e9er.<\/p>\n<p>[\/vc_column_text][\/vc_column][vc_column width=&#8221;1\/3&#8243;][vc_single_image image=&#8221;178&#8243; img_size=&#8221;full&#8221; alignment=&#8221;center&#8221;][vc_empty_space height=&#8221;5px&#8221;][vc_column_text]<\/p>\n<h4 style=\"text-align: center;\">TEXTKREAT\u00d6R<\/h4>\n<p style=\"text-align: center;\">Jag \u00e4lskar att skriva och att skapa s\u00e5 att kundresa, aff\u00e4rsnytta och kommunikation m\u00f6ts. Jag skriver f\u00f6r sociala medier, webb, nyhetsbrev, koncepttexter, produkttexter med mera.<\/p>\n<p>[\/vc_column_text][\/vc_column][\/vc_row][vc_row][vc_column][vc_empty_space height=&#8221;60px&#8221;][\/vc_column][\/vc_row][\/vc_section][vc_section disable_element=&#8221;yes&#8221; css=&#8221;.vc_custom_1705047342740{background-color: #ebe5dd !important;}&#8221;][vc_row][vc_column][vc_empty_space height=&#8221;60px&#8221;][\/vc_column][\/vc_row][vc_row][vc_column width=&#8221;1\/3&#8243;][vc_single_image image=&#8221;172&#8243; img_size=&#8221;full&#8221; alignment=&#8221;center&#8221;][vc_column_text]<\/p>\n<h4 style=\"text-align: center;\">EN STJ\u00c4RNA I KULISSERNA<\/h4>\n<p style=\"text-align: center;\">Praesent ornare suscipit lacinia. Maecenas erit ornare dui, ut ornare diam porta vel aenean.<\/p>\n<p>[\/vc_column_text][\/vc_column][vc_column width=&#8221;1\/3&#8243;][vc_icon icon_fontawesome=&#8221;fas fa-apple-alt&#8221; color=&#8221;custom&#8221; custom_color=&#8221;#1b877c&#8221; align=&#8221;center&#8221;][vc_column_text]<\/p>\n<h4 style=\"text-align: center;\">H\u00c5RDTESTADE PROCESSER<\/h4>\n<p style=\"text-align: center;\">Donec ac sem non tortor feugiate. Phasellus in condimentum erat, sit amet laoreet ex.<\/p>\n<p>[\/vc_column_text][vc_single_image image=&#8221;174&#8243; img_size=&#8221;full&#8221; alignment=&#8221;center&#8221;][\/vc_column][vc_column width=&#8221;1\/3&#8243;][vc_single_image image=&#8221;176&#8243; img_size=&#8221;full&#8221; alignment=&#8221;center&#8221;][vc_column_text]<\/p>\n<h4 style=\"text-align: center;\">ETT GENIALT N\u00c4TVERK ING\u00c5R<\/h4>\n<p style=\"text-align: center;\">Blandit, felis vel placerat, nibh nibh varius ex, at blandit nisl. Donec ac sem non tortor feugiate.<\/p>\n<p>[\/vc_column_text][\/vc_column][\/vc_row][vc_row][vc_column width=&#8221;1\/3&#8243;][vc_single_image image=&#8221;178&#8243; img_size=&#8221;full&#8221; alignment=&#8221;center&#8221;][vc_column_text]<\/p>\n<h4 style=\"text-align: center;\">EN STJ\u00c4RNA I KULISSERNA<\/h4>\n<p style=\"text-align: center;\">Praesent ornare suscipit lacinia. Maecenas erit ornare dui, ut ornare diam porta vel aenean.<\/p>\n<p>[\/vc_column_text][\/vc_column][vc_column width=&#8221;1\/3&#8243;][vc_single_image image=&#8221;180&#8243; img_size=&#8221;full&#8221; alignment=&#8221;center&#8221;][vc_column_text]<\/p>\n<h4 style=\"text-align: center;\">H\u00c5RDTESTADE PROCESSER<\/h4>\n<p style=\"text-align: center;\">Donec ac sem non tortor feugiate. Phasellus in condimentum erat, sit amet laoreet ex.<\/p>\n<p>[\/vc_column_text][\/vc_column][vc_column width=&#8221;1\/3&#8243;][vc_single_image image=&#8221;182&#8243; img_size=&#8221;full&#8221; alignment=&#8221;center&#8221;][vc_column_text]<\/p>\n<h4 style=\"text-align: center;\">ETT GENIALT N\u00c4TVERK ING\u00c5R<\/h4>\n<p style=\"text-align: center;\">Blandit, felis vel placerat, nibh nibh varius ex, at blandit nisl. Donec ac sem non tortor feugiate.<\/p>\n<p>[\/vc_column_text][\/vc_column][\/vc_row][\/vc_section][vc_row][vc_column][vc_empty_space height=&#8221;30px&#8221;][\/vc_column][\/vc_row][vc_section full_width=&#8221;stretch_row&#8221; css=&#8221;.vc_custom_1663796322573{background-color: #ebe5dd !important;}&#8221; el_id=&#8221;kontakt-container&#8221;][vc_row][vc_column width=&#8221;2\/12&#8243;][\/vc_column][vc_column width=&#8221;8\/12&#8243;][vc_column_text]<\/p>\n<h6 style=\"text-align: center;\"><span class=\"caption\">KONTAKT<\/span><\/h6>\n<h2 style=\"text-align: center;\">S\u00e4g hej!<\/h2>\n<p>[\/vc_column_text][vc_column_text]<\/p>\n<p style=\"text-align: center;\">Vad kul att du vill h\u00f6ra av dig! Du n\u00e5r mig h\u00e4r:<\/p>\n<p>[\/vc_column_text][\/vc_column][vc_column width=&#8221;2\/12&#8243;][\/vc_column][\/vc_row][vc_row][vc_column width=&#8221;2\/12&#8243;][\/vc_column][vc_column width=&#8221;5\/12&#8243;]\n<div class=\"wpcf7 no-js\" id=\"wpcf7-f88-o1\" lang=\"sv-SE\" dir=\"ltr\" data-wpcf7-id=\"88\">\n<div class=\"screen-reader-response\"><p role=\"status\" aria-live=\"polite\" aria-atomic=\"true\"><\/p> <ul><\/ul><\/div>\n<form action=\"\/index.php?rest_route=%2Fwp%2Fv2%2Fpages%2F118#wpcf7-f88-o1\" method=\"post\" class=\"wpcf7-form init\" aria-label=\"Kontaktformul\u00e4r\" novalidate=\"novalidate\" data-status=\"init\">\n<fieldset class=\"hidden-fields-container\"><input type=\"hidden\" name=\"_wpcf7\" value=\"88\" \/><input type=\"hidden\" name=\"_wpcf7_version\" value=\"6.1.5\" \/><input type=\"hidden\" name=\"_wpcf7_locale\" value=\"sv_SE\" \/><input type=\"hidden\" name=\"_wpcf7_unit_tag\" value=\"wpcf7-f88-o1\" \/><input type=\"hidden\" name=\"_wpcf7_container_post\" value=\"0\" \/><input type=\"hidden\" name=\"_wpcf7_posted_data_hash\" value=\"\" \/>\n<\/fieldset>\n<div class=\"wpcf7-turnstile cf-turnstile\" data-sitekey=\"0x4AAAAAAB_pQpx6ZDB8vRZJ\" data-response-field-name=\"_wpcf7_turnstile_response\"><\/div>\n\n<p><span class=\"wpcf7-form-control-wrap\" data-name=\"namn\"><input size=\"40\" maxlength=\"400\" class=\"wpcf7-form-control wpcf7-text wpcf7-validates-as-required\" aria-required=\"true\" aria-invalid=\"false\" placeholder=\"NAMN\" value=\"\" type=\"text\" name=\"namn\" \/><\/span><br \/>\n<span class=\"wpcf7-form-control-wrap\" data-name=\"epost\"><input size=\"40\" maxlength=\"400\" class=\"wpcf7-form-control wpcf7-email wpcf7-validates-as-required wpcf7-text wpcf7-validates-as-email\" aria-required=\"true\" aria-invalid=\"false\" placeholder=\"E-POST\" value=\"\" type=\"email\" name=\"epost\" \/><\/span><br \/>\n<span class=\"wpcf7-form-control-wrap\" data-name=\"telefon\"><input size=\"40\" maxlength=\"400\" class=\"wpcf7-form-control wpcf7-text\" aria-invalid=\"false\" placeholder=\"TELEFON\" value=\"\" type=\"text\" name=\"telefon\" \/><\/span><br \/>\n<span class=\"wpcf7-form-control-wrap\" data-name=\"MEDDELANDE\"><textarea cols=\"40\" rows=\"10\" maxlength=\"2000\" class=\"wpcf7-form-control wpcf7-textarea\" aria-invalid=\"false\" placeholder=\"MEDDELANDE\" name=\"MEDDELANDE\"><\/textarea><\/span><br \/>\n<input class=\"wpcf7-form-control wpcf7-submit has-spinner\" type=\"submit\" value=\"SKICKA\" \/>\n<\/p><div class=\"wpcf7-response-output\" aria-hidden=\"true\"><\/div>\n<\/form>\n<\/div>\n[\/vc_column][vc_column width=&#8221;5\/12&#8243;][vc_raw_html]JTNDZGl2JTIwY2xhc3MlM0QlMjJjLWFkcmVzcyUyMGstaWtvbiUyMiUzRSUwQSUwOSUzQ3NwYW4lMjBjbGFzcyUzRCUyMmt0JTIyJTNFQWRyZXNzJTNDJTJGc3BhbiUzRSUwQSUwOSUzQ3NwYW4lMjBjbGFzcyUzRCUyMmstYWRyZXNzJTIyJTNFJTBBJTNDYSUyMGhyZWYlM0QlMjJodHRwcyUzQSUyRiUyRmdvby5nbCUyRm1hcHMlMkZSTkFpdDg4WWFxV0NnVXVENiUyMiUzRSUwQSUwOSUwOVBvcmZ5cnYlQzMlQTRnZW4lMjA1QSUyQyUyME1vdGFsYSUwQSUwOSUzQyUyRmElM0UlMEElM0MlMkZkaXYlM0UlMEElMEElM0NkaXYlMjBjbGFzcyUzRCUyMmMtdGVsZWZvbiUyMGstaWtvbiUyMiUzRSUwQSUzQ3NwYW4lMjBjbGFzcyUzRCUyMmt0JTIyJTNFVGVsZWZvbiUzQyUyRnNwYW4lM0UlMEElM0NzcGFuJTIwY2xhc3MlM0QlMjJrLXRlbGVmb24lMjIlM0UlMEElM0NhJTIwaHJlZiUzRCUyMnRlbCUzQSUyQjQ2NzA0MTUwODE5JTIyJTNFJTBBJTA5JTA5JTJCNDYlMjA3MCUyMDQxNSUyMDA4JTIwMTklMEElMDklM0MlMkZhJTNFJTBBJTNDJTJGZGl2JTNFJTBBJTBBJTNDZGl2JTIwY2xhc3MlM0QlMjJjLWVwb3N0JTIway1pa29uJTIyJTNFJTBBJTNDc3BhbiUyMGNsYXNzJTNEJTIya3QlMjIlM0VFLXBvc3QlM0MlMkZzcGFuJTNFJTBBJTNDc3BhbiUyMGNsYXNzJTNEJTIyay1lcG9zdCUyMiUzRSUwQSUwOSUzQ2ElMjBocmVmJTNEJTIybWFpbHRvJTNBbWFyaWElNDA4Y2tvbnN1bHQuc2UlMjIlM0UlMEElMDklMDltYXJpYSU0MDhja29uc3VsdC5zZSUwQSUwOSUzQyUyRmElM0UlMEElM0MlMkZzcGFuJTNFJTBBJTNDJTJGZGl2JTNFJTBB[\/vc_raw_html][\/vc_column][\/vc_row][vc_row][vc_column][vc_empty_space height=&#8221;60px&#8221;][\/vc_column][\/vc_row][\/vc_section]<\/p>\n<\/div>","protected":false},"excerpt":{"rendered":"<p>[vc_section full_width=&#8221;stretch_row&#8221; css=&#8221;.vc_custom_1693808800646{background-image: url(https:\/\/8ckonsult.se\/wp-content\/uploads\/2022\/09\/promo-1.png?id=184) !important;background-position: center !important;background-repeat: no-repeat !important;background-size: cover !important;}&#8221; el_id=&#8221;promo&#8221;][vc_row][vc_column][vc_empty_space height=&#8221;250px&#8221; el_class=&#8221;hidden-phone&#8221;][vc_empty_space height=&#8221;80px&#8221; el_class=&#8221;visible-phone&#8221;][\/vc_column][\/vc_row][vc_row][vc_column width=&#8221;1\/3&#8243;][vc_column_text] KONCEPTUTVECKLARE MARKNADSF\u00d6RARE PROJEKTLEDARE TEXTKREAT\u00d6R [\/vc_column_text][\/vc_column][vc_column width=&#8221;1\/3&#8243;][\/vc_column][vc_column width=&#8221;1\/3&#8243;][\/vc_column][\/vc_row][vc_row][vc_column][vc_empty_space height=&#8221;150px&#8221;][vc_empty_space height=&#8221;150px&#8221; el_class=&#8221;visible-phone&#8221;][\/vc_column][\/vc_row][\/vc_section][vc_section][vc_row][vc_column][vc_empty_space height=&#8221;60px&#8221;][\/vc_column][\/vc_row][vc_row][vc_column width=&#8221;1\/6&#8243;][vc_empty_space height=&#8221;1px&#8221;][\/vc_column][vc_column width=&#8221;2\/3&#8243;][vc_column_text] T\u00c4NK OM DU KUNDE F\u00c5 ALLT I ETT EN MINIBYR\u00c5 MED M\u00c5NGA KOMPETENSER [\/vc_column_text][vc_column_text css=&#8221;.vc_custom_1675954473096{margin-top: -20px !important;padding-top: 0px !important;}&#8221; el_class=&#8221;description&#8221;] Kan jag f\u00e5 en [&hellip;]<\/p>\n","protected":false},"author":4,"featured_media":0,"parent":0,"menu_order":0,"comment_status":"closed","ping_status":"closed","template":"","meta":{"_acf_changed":false,"footnotes":""},"class_list":["post-118","page","type-page","status-publish","hentry"],"acf":[],"_links":{"self":[{"href":"https:\/\/8ckonsult.se\/index.php?rest_route=\/wp\/v2\/pages\/118","targetHints":{"allow":["GET"]}}],"collection":[{"href":"https:\/\/8ckonsult.se\/index.php?rest_route=\/wp\/v2\/pages"}],"about":[{"href":"https:\/\/8ckonsult.se\/index.php?rest_route=\/wp\/v2\/types\/page"}],"author":[{"embeddable":true,"href":"https:\/\/8ckonsult.se\/index.php?rest_route=\/wp\/v2\/users\/4"}],"replies":[{"embeddable":true,"href":"https:\/\/8ckonsult.se\/index.php?rest_route=%2Fwp%2Fv2%2Fcomments&post=118"}],"version-history":[{"count":0,"href":"https:\/\/8ckonsult.se\/index.php?rest_route=\/wp\/v2\/pages\/118\/revisions"}],"wp:attachment":[{"href":"https:\/\/8ckonsult.se\/index.php?rest_route=%2Fwp%2Fv2%2Fmedia&parent=118"}],"curies":[{"name":"wp","href":"https:\/\/api.w.org\/{rel}","templated":true}]}}